{"id":7080,"date":"2026-03-20T16:47:32","date_gmt":"2026-03-20T19:47:32","guid":{"rendered":"https:\/\/sbrv.org\/medico\/?page_id=7080"},"modified":"2026-03-23T12:03:39","modified_gmt":"2026-03-23T15:03:39","slug":"manual-do-candidato-da-prova-sbrv-2026","status":"publish","type":"page","link":"https:\/\/sbrv.org\/medico\/manual-do-candidato-da-prova-sbrv-2026\/","title":{"rendered":"Manual do Candidato da Prova SBRV 2026"},"content":{"rendered":"\n<p class=\"u-bloco-mensagem u-bloco-mensagem__primary\">Clique no bot\u00e3o abaixo para acessar o Manual do Candidato<\/p>\n\n\n\n<p class=\"text-break\"><a href=\"https:\/\/sbrv.org\/medico\/wp-content\/uploads\/sites\/2\/2026\/03\/Manual_do_candidato_SBRV.pdf\" type=\"link\" id=\"https:\/\/sbrv.org\/medico\/wp-content\/uploads\/sites\/2\/2026\/03\/Manual_do_candidato_SBRV.pdf\" target=\"_blank\" rel=\"noreferrer noopener\" class=\"btn btn-primary\">Manual do Candidato<\/a><\/p>\n\n\n\n<p class=\"u-bloco-mensagem u-bloco-mensagem__primary\">Clique no bot\u00e3o abaixo para acessar o Manual do Browser<\/p>\n\n\n\n<p class=\"text-break\"><a href=\"https:\/\/sbrv.org\/medico\/wp-content\/uploads\/sites\/2\/2026\/03\/Manual_do_Browser_SBRV.pdf\" type=\"link\" id=\"https:\/\/sbrv.org\/medico\/wp-content\/uploads\/sites\/2\/2026\/03\/Manual_do_Browser_SBRV.pdf\" target=\"_blank\" rel=\"noreferrer noopener\" class=\"btn btn-primary\">Manual do Browser<\/a><\/p>\n","protected":false},"excerpt":{"rendered":"<p>Clique no bot\u00e3o abaixo para acessar o Manual do Candidato Manual do Candidato Clique no bot\u00e3o abaixo para acessar o Manual do Browser Manual do Browser<\/p>\n","protected":false},"author":1,"featured_media":0,"parent":0,"menu_order":0,"comment_status":"closed","ping_status":"closed","template":"","meta":{"_acf_changed":false,"footnotes":""},"class_list":["post-7080","page","type-page","status-publish","hentry"],"acf":[],"yoast_head":"<!-- This site is optimized with the Yoast SEO plugin v27.5 - https:\/\/yoast.com\/product\/yoast-seo-wordpress\/ -->\n<title>Manual do Candidato da Prova SBRV 2026 - SBRV - \u00c1rea do M\u00e9dico<\/title>\n<meta name=\"robots\" content=\"index, follow, max-snippet:-1, max-image-preview:large, max-video-preview:-1\" \/>\n<link rel=\"canonical\" href=\"https:\/\/sbrv.org\/medico\/manual-do-candidato-da-prova-sbrv-2026\/\" \/>\n<meta property=\"og:locale\" content=\"pt_BR\" \/>\n<meta property=\"og:type\" content=\"article\" \/>\n<meta property=\"og:title\" content=\"Manual do Candidato da Prova SBRV 2026 - SBRV - \u00c1rea do M\u00e9dico\" \/>\n<meta property=\"og:description\" content=\"Clique no bot\u00e3o abaixo para acessar o Manual do Candidato Manual do Candidato Clique no bot\u00e3o abaixo para acessar o Manual do Browser Manual do Browser\" \/>\n<meta property=\"og:url\" content=\"https:\/\/sbrv.org\/medico\/manual-do-candidato-da-prova-sbrv-2026\/\" \/>\n<meta property=\"og:site_name\" content=\"SBRV - \u00c1rea do M\u00e9dico\" \/>\n<meta property=\"article:publisher\" content=\"https:\/\/pt-br.facebook.com\/sbrv.retina\" \/>\n<meta property=\"article:modified_time\" content=\"2026-03-23T15:03:39+00:00\" \/>\n<meta property=\"og:image\" content=\"https:\/\/sbrv.org\/medico\/wp-content\/uploads\/sites\/2\/2024\/12\/imagem-yoast-seo.png\" \/>\n\t<meta property=\"og:image:width\" content=\"1200\" \/>\n\t<meta property=\"og:image:height\" content=\"675\" \/>\n\t<meta property=\"og:image:type\" content=\"image\/png\" \/>\n<meta name=\"twitter:card\" content=\"summary_large_image\" \/>\n<meta name=\"twitter:site\" content=\"@sbrv_retina\" \/>\n<meta name=\"twitter:label1\" content=\"Est. tempo de leitura\" \/>\n\t<meta name=\"twitter:data1\" content=\"1 minuto\" \/>\n<script type=\"application\/ld+json\" class=\"yoast-schema-graph\">{\"@context\":\"https:\\\/\\\/schema.org\",\"@graph\":[{\"@type\":\"WebPage\",\"@id\":\"https:\\\/\\\/sbrv.org\\\/medico\\\/manual-do-candidato-da-prova-sbrv-2026\\\/\",\"url\":\"https:\\\/\\\/sbrv.org\\\/medico\\\/manual-do-candidato-da-prova-sbrv-2026\\\/\",\"name\":\"Manual do Candidato da Prova SBRV 2026 - SBRV - \u00c1rea do M\u00e9dico\",\"isPartOf\":{\"@id\":\"https:\\\/\\\/sbrv.org\\\/medico\\\/#website\"},\"datePublished\":\"2026-03-20T19:47:32+00:00\",\"dateModified\":\"2026-03-23T15:03:39+00:00\",\"breadcrumb\":{\"@id\":\"https:\\\/\\\/sbrv.org\\\/medico\\\/manual-do-candidato-da-prova-sbrv-2026\\\/#breadcrumb\"},\"inLanguage\":\"pt-BR\",\"potentialAction\":[{\"@type\":\"ReadAction\",\"target\":[\"https:\\\/\\\/sbrv.org\\\/medico\\\/manual-do-candidato-da-prova-sbrv-2026\\\/\"]}]},{\"@type\":\"BreadcrumbList\",\"@id\":\"https:\\\/\\\/sbrv.org\\\/medico\\\/manual-do-candidato-da-prova-sbrv-2026\\\/#breadcrumb\",\"itemListElement\":[{\"@type\":\"ListItem\",\"position\":1,\"name\":\"Home\",\"item\":\"https:\\\/\\\/sbrv.org\\\/medico\\\/\"},{\"@type\":\"ListItem\",\"position\":2,\"name\":\"Manual do Candidato da Prova SBRV 2026\"}]},{\"@type\":\"WebSite\",\"@id\":\"https:\\\/\\\/sbrv.org\\\/medico\\\/#website\",\"url\":\"https:\\\/\\\/sbrv.org\\\/medico\\\/\",\"name\":\"SBRV - Sociedade Brasileira de Retina e Vitreo - \u00c1rea do M\u00e9dico\",\"description\":\"Portal da Sociedade Brasileira de Retina e Vitreo\",\"publisher\":{\"@id\":\"https:\\\/\\\/sbrv.org\\\/medico\\\/#organization\"},\"alternateName\":\"SBRV\",\"potentialAction\":[{\"@type\":\"SearchAction\",\"target\":{\"@type\":\"EntryPoint\",\"urlTemplate\":\"https:\\\/\\\/sbrv.org\\\/medico\\\/?s={search_term_string}\"},\"query-input\":{\"@type\":\"PropertyValueSpecification\",\"valueRequired\":true,\"valueName\":\"search_term_string\"}}],\"inLanguage\":\"pt-BR\"},{\"@type\":\"Organization\",\"@id\":\"https:\\\/\\\/sbrv.org\\\/medico\\\/#organization\",\"name\":\"SBRV - Sociedade Brasileira de Retina e Vitreo\",\"alternateName\":\"SBRV\",\"url\":\"https:\\\/\\\/sbrv.org\\\/medico\\\/\",\"logo\":{\"@type\":\"ImageObject\",\"inLanguage\":\"pt-BR\",\"@id\":\"https:\\\/\\\/sbrv.org\\\/medico\\\/#\\\/schema\\\/logo\\\/image\\\/\",\"url\":\"https:\\\/\\\/sbrv.org\\\/medico\\\/wp-content\\\/uploads\\\/sites\\\/2\\\/2024\\\/12\\\/thumbnail-default-2.png\",\"contentUrl\":\"https:\\\/\\\/sbrv.org\\\/medico\\\/wp-content\\\/uploads\\\/sites\\\/2\\\/2024\\\/12\\\/thumbnail-default-2.png\",\"width\":600,\"height\":400,\"caption\":\"SBRV - Sociedade Brasileira de Retina e Vitreo\"},\"image\":{\"@id\":\"https:\\\/\\\/sbrv.org\\\/medico\\\/#\\\/schema\\\/logo\\\/image\\\/\"},\"sameAs\":[\"https:\\\/\\\/pt-br.facebook.com\\\/sbrv.retina\",\"https:\\\/\\\/x.com\\\/sbrv_retina\",\"https:\\\/\\\/www.instagram.com\\\/retina.sbrv\\\/\"]}]}<\/script>\n<!-- \/ Yoast SEO plugin. -->","yoast_head_json":{"title":"Manual do Candidato da Prova SBRV 2026 - SBRV - \u00c1rea do M\u00e9dico","robots":{"index":"index","follow":"follow","max-snippet":"max-snippet:-1","max-image-preview":"max-image-preview:large","max-video-preview":"max-video-preview:-1"},"canonical":"https:\/\/sbrv.org\/medico\/manual-do-candidato-da-prova-sbrv-2026\/","og_locale":"pt_BR","og_type":"article","og_title":"Manual do Candidato da Prova SBRV 2026 - SBRV - \u00c1rea do M\u00e9dico","og_description":"Clique no bot\u00e3o abaixo para acessar o Manual do Candidato Manual do Candidato Clique no bot\u00e3o abaixo para acessar o Manual do Browser Manual do Browser","og_url":"https:\/\/sbrv.org\/medico\/manual-do-candidato-da-prova-sbrv-2026\/","og_site_name":"SBRV - \u00c1rea do M\u00e9dico","article_publisher":"https:\/\/pt-br.facebook.com\/sbrv.retina","article_modified_time":"2026-03-23T15:03:39+00:00","og_image":[{"width":1200,"height":675,"url":"https:\/\/sbrv.org\/medico\/wp-content\/uploads\/sites\/2\/2024\/12\/imagem-yoast-seo.png","type":"image\/png"}],"twitter_card":"summary_large_image","twitter_site":"@sbrv_retina","twitter_misc":{"Est. tempo de leitura":"1 minuto"},"schema":{"@context":"https:\/\/schema.org","@graph":[{"@type":"WebPage","@id":"https:\/\/sbrv.org\/medico\/manual-do-candidato-da-prova-sbrv-2026\/","url":"https:\/\/sbrv.org\/medico\/manual-do-candidato-da-prova-sbrv-2026\/","name":"Manual do Candidato da Prova SBRV 2026 - SBRV - \u00c1rea do M\u00e9dico","isPartOf":{"@id":"https:\/\/sbrv.org\/medico\/#website"},"datePublished":"2026-03-20T19:47:32+00:00","dateModified":"2026-03-23T15:03:39+00:00","breadcrumb":{"@id":"https:\/\/sbrv.org\/medico\/manual-do-candidato-da-prova-sbrv-2026\/#breadcrumb"},"inLanguage":"pt-BR","potentialAction":[{"@type":"ReadAction","target":["https:\/\/sbrv.org\/medico\/manual-do-candidato-da-prova-sbrv-2026\/"]}]},{"@type":"BreadcrumbList","@id":"https:\/\/sbrv.org\/medico\/manual-do-candidato-da-prova-sbrv-2026\/#breadcrumb","itemListElement":[{"@type":"ListItem","position":1,"name":"Home","item":"https:\/\/sbrv.org\/medico\/"},{"@type":"ListItem","position":2,"name":"Manual do Candidato da Prova SBRV 2026"}]},{"@type":"WebSite","@id":"https:\/\/sbrv.org\/medico\/#website","url":"https:\/\/sbrv.org\/medico\/","name":"SBRV - Sociedade Brasileira de Retina e Vitreo - \u00c1rea do M\u00e9dico","description":"Portal da Sociedade Brasileira de Retina e Vitreo","publisher":{"@id":"https:\/\/sbrv.org\/medico\/#organization"},"alternateName":"SBRV","potentialAction":[{"@type":"SearchAction","target":{"@type":"EntryPoint","urlTemplate":"https:\/\/sbrv.org\/medico\/?s={search_term_string}"},"query-input":{"@type":"PropertyValueSpecification","valueRequired":true,"valueName":"search_term_string"}}],"inLanguage":"pt-BR"},{"@type":"Organization","@id":"https:\/\/sbrv.org\/medico\/#organization","name":"SBRV - Sociedade Brasileira de Retina e Vitreo","alternateName":"SBRV","url":"https:\/\/sbrv.org\/medico\/","logo":{"@type":"ImageObject","inLanguage":"pt-BR","@id":"https:\/\/sbrv.org\/medico\/#\/schema\/logo\/image\/","url":"https:\/\/sbrv.org\/medico\/wp-content\/uploads\/sites\/2\/2024\/12\/thumbnail-default-2.png","contentUrl":"https:\/\/sbrv.org\/medico\/wp-content\/uploads\/sites\/2\/2024\/12\/thumbnail-default-2.png","width":600,"height":400,"caption":"SBRV - Sociedade Brasileira de Retina e Vitreo"},"image":{"@id":"https:\/\/sbrv.org\/medico\/#\/schema\/logo\/image\/"},"sameAs":["https:\/\/pt-br.facebook.com\/sbrv.retina","https:\/\/x.com\/sbrv_retina","https:\/\/www.instagram.com\/retina.sbrv\/"]}]}},"_links":{"self":[{"href":"https:\/\/sbrv.org\/medico\/wp-json\/wp\/v2\/pages\/7080","targetHints":{"allow":["GET"]}}],"collection":[{"href":"https:\/\/sbrv.org\/medico\/wp-json\/wp\/v2\/pages"}],"about":[{"href":"https:\/\/sbrv.org\/medico\/wp-json\/wp\/v2\/types\/page"}],"author":[{"embeddable":true,"href":"https:\/\/sbrv.org\/medico\/wp-json\/wp\/v2\/users\/1"}],"replies":[{"embeddable":true,"href":"https:\/\/sbrv.org\/medico\/wp-json\/wp\/v2\/comments?post=7080"}],"version-history":[{"count":11,"href":"https:\/\/sbrv.org\/medico\/wp-json\/wp\/v2\/pages\/7080\/revisions"}],"predecessor-version":[{"id":7098,"href":"https:\/\/sbrv.org\/medico\/wp-json\/wp\/v2\/pages\/7080\/revisions\/7098"}],"wp:attachment":[{"href":"https:\/\/sbrv.org\/medico\/wp-json\/wp\/v2\/media?parent=7080"}],"curies":[{"name":"wp","href":"https:\/\/api.w.org\/{rel}","templated":true}]}}